e 15) in base 6?
-5
What is 6 (base 8) in base 13?
6
What is 16 (base 9) in base 2?
1111
What is 6 (base 8) in base 12?
6
10 (base 2) to base 9
2
What is -1 (base 7) in base 8?
-1
16 (base 9) to base 16
f
What is -1 (base 9) in base 15?
-1
What is -114 (base 7) in base 8?
-74
What is -10 (base 3) in base 12?
-3
-100111000 (base 2) to base 11
-264
-10 (base 7) to base 3
-21
What is -1 (base 7) in base 5?
-1
Convert -33 (base 4) to base 12.
-13
-1 (base 6) to base 5
-1
c3 (base 13) to base 16
9f
Convert -203 (base 4) to base 11.
-32
What is -3 (base 6) in base 5?
-3
-2 (base 11) to base 5
-2
Convert -4c (base 14) to base 15.
-48
What is 0 (base 6) in base 7?
0
4 (base 8) to base 15
4
Convert 233 (base 4) to base 14.
35
What is 7 (base 16) in base 14?
7
14 (base 6) to base 12
a
-a (base 12) to base 7
-13
What is 2 (base 9) in base 5?
2
Convert 12a (base 14) to base 15.
109
Convert 41 (base 10) to base 6.
105
What is -2 (base 12) in base 5?
-2
What is 11212 (base 4) in base 15?
18d
Convert 9 (base 10) to base 11.
9
0 (base 11) to base 13
0
100 (base 5) to base 9
27
Convert 1 (base 15) to base 14.
1
What is 23 (base 10) in base 15?
18
1 (base 12) to base 16
1
Convert -3 (base 6) to base 2.
-11
1 (base 10) to base 7
1
30 (base 7) to base 14
17
What is 343 (base 7) in base 9?
217
Convert 5 (base 12) to base 7.
5
-1 (base 8) to base 9
-1
Convert 1 (base 12) to base 4.
1
What is -1d (base 15) in base 2?
-11100
Convert a1 (base 15) to base 13.
b8
Convert 15 (base 10) to base 15.
10
-3 (base 11) to base 13
-3
What is 12 (base 8) in base 14?
a
15 (base 6) to base 9
12
Convert -1102 (base 4) to base 2.
-1010010
7 (base 16) to base 12
7
What is 2 (base 16) in base 8?
2
Convert 230 (base 4) to base 6.
112
What is 1 (base 7) in base 13?
1
What is -23 (base 4) in base 3?
-102
-2 (base 11) to base 9
-2
-101 (base 6) to base 9
-41
What is 4 (base 5) in base 9?
4
What is 1 (base 15) in base 11?
1
Convert -1 (base 10) to base 6.
-1
What is -6 (base 15) in base 16?
-6
0 (base 10) to base 14
0
Convert 11 (base 7) to base 3.
22
What is -3 (base 7) in base 6?
-3
Convert -2 (base 10) to base 6.
-2
Convert 11 (base 7) to base 15.
8
Convert -1 (base 16) to base 10.
-1
What is 21 (base 5) in base 6?
15
Convert 34 (base 7) to base 5.
100
Convert -170 (base 15) to base 2.
-101001010
Convert -6 (base 15) to base 9.
-6
What is 1 (base 6) in base 14?
1
What is 0 (base 5) in base 15?
0
-23 (base 15) to base 7
-45
What is 11 (base 5) in base 8?
6
What is 4 (base 11) in base 16?
4
What is -111 (base 5) in base 7?
-43
-1 (base 6) to base 11
-1
Convert 21 (base 4) to base 11.
9
Convert -228 (base 14) to base 7.
-1151
-3 (base 13) to base 10
-3
What is 96 (base 10) in base 3?
10120
Convert -6 (base 8) to base 12.
-6
Convert 38 (base 15) to base 2.
110101
1000 (base 3) to base 7
36
-4b (base 15) to base 14
-51
What is -140 (base 7) in base 3?
-2212
-41 (base 8) to base 7
-45
Convert 1 (base 2) to base 4.
1
What is 11010 (base 3) in base 16?
6f
Convert 44 (base 12) to base 10.
52
What is -11 (base 8) in base 4?
-21
Convert 47 (base 9) to base 7.
61
Convert 8 (base 9) to base 10.
8
What is -1001 (base 4) in base 15?
-45
-22 (base 3) to base 16
-8
157 (base 10) to base 12
111
What is 53 (base 9) in base 5?
143
Convert 0 (base 8) to base 14.
0
What is 10 (base 2) in base 7?
2
What is -3 (base 16) in base 13?
-3
Convert 0 (base 9) to base 11.
0
What is -173 (base 8) in base 10?
-123
What is 4 (base 16) in base 7?
4
Convert 20 (base 13) to base 10.
26
147 (base 11) to base 7
334
-10 (base 3) to base 2
-11
Convert 1021 (base 3) to base 16.
22
-1000011 (base 2) to base 3
-2111
-3 (base 15) to base 13
-3
Convert -8 (base 9) to base 4.
-20
4 (base 6) to base 8
4
-10 (base 4) to base 13
-4
What is 31 (base 8) in base 15?
1a
304 (base 7) to base 5
1101
-44 (base 10) to base 11
-40
Convert 1 (base 3) to base 11.
1
42 (base 14) to base 8
72
1 (base 7) to base 8
1
-1202 (base 5) to base 12
-129
Convert 14 (base 6) to base 15.
a
Convert 2 (base 4) to base 9.
2
Convert -15 (base 10) to base 13.
-12
-10 (base 7) to base 3
-21
Convert -24 (base 9) to base 11.
-20
-5 (base 8) to base 16
-5
224 (base 5) to base 8
100
What is -225 (base 8) in base 4?
-2111
166 (base 8) to base 5
433
Convert 332 (base 5) to base 16.
5c
What is -1a (base 11) in base 3?
-210
Convert 132 (base 4) to base 8.
36
Convert -63 (base 7) to base 9.
-50
Convert 35 (base 14) to base 9.
52
Convert 10101 (base 2) to base 14.
17
-36 (base 8) to base 12
-26
1 (base 3) to base 4
1
33 (base 6) to base 15
16
54 (base 10) to base 8
66
What is -143 (base 6) in base 5?
-223
-21 (base 10) to base 14
-17
Convert 101011 (base 2) to base 5.
133
What is 88 (base 13) in base 2?
1110000
What is -150 (base 12) in base 13?
-129
What is d1 (base 16) in base 7?
416
Convert 1011 (base 2) to base 10.
11
5d (base 15) to base 16
58
Convert 23 (base 5) to base 6.
21
-48 (base 14) to base 4
-1000
What is -5 (base 11) in base 14?
-5
Convert 4 (base 14) to base 12.
4
-1a (base 14) to base 11
-22
43 (base 15) to base 12
53
What is -1100 (base 2) in base 11?
-11
-131 (base 10) to base 9
-155
What is 245 (base 10) in base 2?
11110101
Convert 1a (base 15) to base 11.
23
What is -1a (base 11) in base 7?
-30
What is -40 (base 5) in base 16?
-14
100102 (base 3) to base 2
11111110
What is 31 (base 7) in base 4?
112
What is 5 (base 13) in base 7?
5
Convert -2a (base 12) to base 5.
-114
-2a (base 11) to base 13
-26
Convert 14 (base 8) to base 15.
c
3 (base 8) to base 7
3
Convert -8 (base 12) to base 5.
-13
Convert -13 (base 13) to base 11.
-15
Convert 0 (base 12) to base 2.
0
What is 10330 (base 4) in base 12?
224
-3 (base 12) to base 9
-3
-111 (base 2) to base 9
-7
-100 (base 2) to base 13
-4
What is -21 (base 10) in base 9?
-23
Convert -10 (base 2) to base 5.
-2
-5 (base 15) to base 14
-5
What is 2 (base 11) in base 4?
2
5 (base 11) to base 16
5
100222 (base 3) to base 9
328
Convert 5 (base 8) to base 7.
5
Convert 9 (base 16) to base 6.
13
Convert 16 (base 8) to base 15.
e
Convert -4 (base 12) to base 2.
-100
Convert 42 (base 11) to base 15.
31
Convert -10000111 (base 2) to base 9.
-160
What is 100 (base 2) in base 6?
4
-11 (base 5) to base 4
-12
What is 2310 (base 4) in base 12?
130
What is -36 (base 8) in base 3?
-1010
Convert 12 (base 14) to base 9.
17
What is 3 (base 4) in base 3?
10
What is 60 (base 7) in base 15?
2c
What is -53 (base 7) in base 4?
-212
Convert 0 (base 14) to base 8.
0
Convert -3 (base 14) to base 3.
-10
What is 2 (base 5) in base 16?
2
Convert -1101 (base 2) to base 12.
-11
12 (base 14) to base 2
10000
0 (base 15) to base 3
0
Convert -1423 (base 5) to base 7.
-460
158 (base 10) to base 6
422
3b (base 12) to base 14
35
Convert -1 (base 7) to base 11.
-1
Convert 40 (base 9) to base 10.
36
Convert -41 (base 8) to base 15.
-23
Convert 140 (base 5) to base 14.
33
Convert -2 (base 5) to base 15.
-2
Convert 100000 (base 2) to base 5.
112
Convert 1 (base 10) to base 4.
1
What is 451 (base 9) in base 5?
2440
Convert 2 (base 14) to base 5.
2
123 (base 4) to base 5
102
-200 (base 4) to base 6
-52
4 (base 10) to base 11
4
Convert -3 (base 14) to base 8.
-3
What is b (base 16) in base 12?
b
Convert 223 (base 9) to base 8.
267
What is -42 (base 12) in base 3?
-1212
What is -100 (base 2) in base 8?
-4
Convert -24a (base 12) to base 13.
-208
What is -61 (base 15) in base 11?
-83
Convert 120 (base 10) to base 8.
170
Convert b (base 16) to base 6.
15
What is 12 (base 13) in base 5?
30
20 (base 4) to base 14
8
Convert 131 (base 6) to base 10.
55
What is 50 (base 11) in base 7?
106
20 (base 16) to base 7
44
Convert 14 (base 6) to base 8.
12
Convert -15 (base 9) to base 12.
-12
What is -3 (base 7) in base 12?
-3
Convert -2 (base 12) to base 5.
-2
6 (base 16) to base 14
6
0 (base 3) to base 10
0
3 (base 9) to base 2
11
What is -97 (base 13) in base 5?
-444
Convert -4 (base 12) to base 6.
-4
What is 6 (base 14) in base 3?
20
1111111 (base 2) to base 7
241
Convert 20 (base 5) to base 6.
14
Convert 92 (base 15) to base 7.
254
Convert -100 (base 2) to base 13.
-4
What is -8 (base 14) in base 10?
-8
What is 245 (base 8) in base 7?
324
133 (base 9) to base 7
216
What is 173 (base 16) in base 5?
2441
Convert 12 (base 10) to base 5.
22
Convert 21 (base 3) to base 10.
7
Con